ppose -19 + 43 = 12*m. Suppose m*x - 98 = -2*c, -x + w + 4 = -c. What is the units digit of x?
5
Let b = -12708 - -31922. What is the hundreds digit of b?
2
Let g = -4752 - -32833. What is the ten thousands digit of g?
2
Suppose 1196*p = 979*p + 11618397. What is the thousands digit of p?
3
Let z be (-2)/(-6)*(8 - 2). Suppose 5*u = -z*l + 968, -7*u + 1892 = 4*l - 8*u. What is the hundreds digit of l?
4
Suppose 138*i - 28*i - 402674 = 96176. What is the hundreds digit of i?
5
Suppose 0 = 2*d + 18*d - 3200. Let n = 391 - d. What is the units digit of n?
1
Suppose 29*h = 75*h - 573206. What is the tens digit of h?
6
Let o(y) = -537*y + 1281. What is the thousands digit of o(-10)?
6
Let x(s) = 38*s**3 - 7*s**2 + 40*s - 165. What is the hundreds digit of x(10)?
5
Let o be 3 - (-1620)/(-8)*-2. Let z be 7/(-12)*-3*o. Suppose -5*v + 0*v = 5*l - 690, v = 5*l - z. What is the units digit of l?
2
Let k(x) = 132*x - 1090. What is the hundreds digit of k(39)?
0
Suppose -1876267 + 504455 = -62*p. What is the hundreds digit of p?
1
Let k be -495*(-3)/((-12)/(-4)) + -3. Suppose -2*n - k = n. What is the tens digit of n/(-3) + 3/(13 + -4)?
5
Let f be 14/2 - (-7)/(35/(-10)). Suppose -f*j + 43 = 103. What is the tens digit of (2 - -93*1)*j/(-15)?
7
Let x = -214 + 216. Suppose 0*p - 4*p = 5*j - 5081, -x*p + 4*j + 2560 = 0. What is the units digit of p?
4
Suppose -7*c - 57 = -4*c - 3*z, -85 = 4*c + 5*z. What is the units digit of ((c - 2)*-97)/2?
7
Suppose 136*l - 61816 - 199980 = 725292. What is the tens digit of l?
5
Suppose -o - s = -8 + 2, -2*s = -5*o + 30. Let x be (o - (-3 - -2)) + (7 - 3). Let p = x + 11. What is the units digit of p?
2
Suppose -11*j = -13*j + 26. Suppose -j*c + 10395 = 8*c. What is the units digit of c?
5
Let l be 12/28 + 224/49. Suppose -l*u - 5*n = -2*u - 1046, -u = 4*n - 351. What is the hundreds digit of u?
3
Suppose 3 = 3*s, 20319 - 4441 = 4*z + 2*s. What is the tens digit of (-8)/10 - z/(-5)?
9
Suppose -x - 5*p = -1427, -x + 525 + 898 = 3*p. What is the hundreds digit of x?
4
Suppose -279*q = -357*q + 1703520. What is the ten thousands digit of q?
2
Let c(q) = -4*q**3 - 19*q**2 - 77*q - 392. What is the units digit of c(-6)?
0
Let t(f) = -1319*f + 110. What is the thousands digit of t(-14)?
8
Suppose 36*c + 37*c - 2835448 = 17*c. What is the units digit of c?
3
Let w(u) = u**3 + 28*u**2 + 53*u + 24. Let i be w(-26). Let g be -2 + (-702)/(-2) + 6/i. Let v = g - 191. What is the tens digit of v?
5
Suppose -30*v = 3*w - 31*v - 2917, -2*w - v + 1943 = 0. What is the units digit of w?
2
Suppose -2*w - 3*h = -50768, 4*h - 20951 + 71747 = 2*w. What is the tens digit of w?
9
Suppose 1014*v - 13314772 = 872*v. What is the ten thousands digit of v?
9
Let t(w) = -w**2 - 17*w - 5. Let i be t(-17). What is the tens digit of 4 + 0 + i - (-170 - -1)?
6
Let x = -81 - -89. Let v(k) = -2*k**3 + 19*k**2 - 7*k - 29. What is the tens digit of v(x)?
0
Let s(v) = -78*v + 29. Let j be s(-4). Let n = j - -249. What is the hundreds digit of n?
5
Suppose 2*c + l - 13814 = 13693, -7*l = -2*c + 27483. What is the hundreds digit of c?
7
Let z be (878/8)/((-13 - -14)/16). What is the hundreds digit of z/(-5)*(585/(-18))/13?
8
What is the units digit of (-68)/(-16) - 5 - 699439/(-52)?
0
Let c(r) = -14*r**3 + 2*r - 1. Let u be c(-2). Suppose -58*f + 913 + 2393 = 0. Let a = u - f. What is the tens digit of a?
5
Suppose -55750 - 16234 = -8*k. What is the thousands digit of k?
8
Let m(r) = -2415*r - 10732. What is the thousands digit of m(-8)?
8
Let r(a) = -3*a**3 + 6*a**2 - 1591. What is the hundreds digit of r(-26)?
1
Suppose 3*n + 14546 - 49307 = 2*x, 3*n + 5*x - 34719 = 0. What is the hundreds digit of n?
5
Suppose -19*w + 225 = -4*w. What is the tens digit of w/6*5094/45?
8
Let o(z) = -z**3 + 5*z**2 - 5*z + 6. Let x be o(4). Let t be ((-13)/((-39)/690))/x. Suppose 3*p - t = 110. What is the units digit of p?
5
Suppose m - 538 = -2*y, -m + 0 = -4. Suppose -4*g + 1063 = y. Suppose 5*s - 436 = g. What is the units digit of s?
7
Let d(n) = -7*n**3 - 9*n**2 + 4 + 0 + 3 - 2*n + 9*n**3. Let b be d(7). Let f = -44 + b. What is the hundreds digit of f?
1
Let s(v) = -v**2 + 11*v - 25. Let y be s(5). Suppose -1885 = -8*q + 3*q + y*u, 4*u - 367 = -q. What is the hundreds digit of q?
3
Let n(a) = -58*a**3 + 12*a + 35. Let w be n(-3). Suppose 157*r = 162*r - w. What is the hundreds digit of r?
3
Suppose 4137 - 240 = 5*d + m, -3*d = -2*m - 2333. Let x = -411 + d. What is the units digit of x?
8
Suppose g = 3*b - 47, -40 = -2*b - g + 6*g. Let u = b + -10. Let p(d) = 5*d - 9. What is the tens digit of p(u)?
1
Suppose -2*c = -2*l + 398, -5*l - 8*c + 999 = -11*c. Let i = 553 - 264. Let p = i - l. What is the units digit of p?
8
Let n = 646 - -4285. What is the thousands digit of n?
4
Suppose -44 = 4*h - 48. Let l be -3*(h - -40) + (38 - 42). Let u = 311 + l. What is the hundreds digit of u?
1
Let q be 12720/(-45) + 2/3. Let b = q + 573. What is the units digit of b?
1
Suppose 8759*f - 8800*f = -448458. What is the ten thousands digit of f?
1
Let n = -10535 - -20198. What is the hundreds digit of n?
6
Let o be (-1)/(((-42)/18)/7). Suppose -2*t = -o*s - 7*t + 366, s - t - 130 = 0. What is the units digit of s?
7
What is the hundreds digit of (-2 - -9)*(180 - 12 - 9)?
1
Let m(a) = a**3 - 14*a**2 - 39*a + 30. Let s be m(18). Let r = s - 100. What is the tens digit of r?
2
Suppose -30*u + 144752 + 273061 = 3*u. What is the tens digit of u?
6
Suppose 6*a + 380 = -76. What is the tens digit of a/(((-16)/(-36))/(-2))?
4
Suppose 6*f + f = 0. Suppose f = 7*z - 10*z + 72. What is the tens digit of z?
2
Suppose -100*p = 241800 - 922000. What is the tens digit of p?
0
Suppose -8720 = -2*d - 3*s, d - 6*s + 4*s - 4339 = 0. What is the thousands digit of d?
4
Suppose 3*h + 15 = 0, 14 = 4*m - h - 107. Suppose -9648 = -m*a + 23*a. What is the units digit of a?
8
Suppose 4*r + 4*r = 80. Suppose -11*l + 6*l - r = 0. What is the units digit of 4/(-3 + 11) - 185/l?
3
Let w = -48 + 54. Let r be -3*(4/(-12) - 4/w). Suppose q = -4*z - 0*z + 438, r*q - 434 = -4*z. What is the tens digit of z?
1
Suppose -7*n + 3*n - 76701 = -3*h, 0 = 10*n + 60. What is the thousands digit of h?
5
Let f = 98 - 97. What is the units digit of (44 + f)*7/1?
5
Suppose 106 - 8 = 14*v. Suppose 0 = -v*k + 549 + 3966. What is the hundreds digit of k?
6
Let v be 1*-5914 - 74/37. What is the hundreds digit of 12/4*(v/(-18) - 5)?
9
What is the hundreds digit of ((-384)/(-30))/((54/(-18))/((-120825)/10))?
5
Let h(b) = 5*b**3 - 2*b**2 + 3*b - 2. Let p be h(1). Suppose 0 = -p*u - o + 494, 18*o = 14*o + 8. What is the hundreds digit of u?
1
Suppose 642*k + 102 = 644*k. Suppose -k*s = -39*s - 1884. What is the tens digit of s?
5
Let j(g) be the second derivative of g**5/10 - 2*g**4/3 + 2*g**3/3 + 5*g**2/2 - 10*g. What is the tens digit of j(4)?
2
Suppose 0 = 97*r - 95*r - 4074. What is the units digit of r?
7
Let m be -5*3*(-5)/15. Suppose 4*y + 4*p - 412 = 0, -m*y + 0*y + p + 533 = 0. Suppose 2*z + 0*o - 50 = -2*o, 2*o = 4*z - y. What is the units digit of z?
6
Let m(i) = -2*i**2 + 28*i - 16. Let g be m(13). Suppose g*p - 2401 = 2449. What is the hundreds digit of p?
4
Let y be (2 - 2) + (-1)/(-2)*0. Suppose i - 26 + 13 = y. Let l(x) = 4*x - 12. What is the tens digit of l(i)?
4
Suppose -d + 1 = 7. Let a(k) = -10*k - 8. Let m(o) = 1. Let s(x) = a(x) - 12*m(x). What is the tens digit of s(d)?
4
Let d be 914/14 + 36/(-126). Suppose -494 = -66*r + d*r. What is the tens digit of r?
9
Let q(b) = -865*b - 957. What is the thousands digit of q(-4)?
2
Suppose -11*g + 6084 = 2069. Suppose -g - 337 = -3*q. Suppose 5*j = 7*j - q. What is the tens digit of j?
1
Let g(k) = 63*k - 32*k - 62*k + 809. What is the units digit of g(0)?
9
Let x(g) = -g**3 - 6*g**2 + 9*g - 2. Let l be x(4). Let u be 4/(-6) + l/(-27). Suppose 0 = 2*h + 10, -u*h = 3*w - 125 - 44. What is the units digit of w?
3
Let n(j) = 6*j**2 + 16*j - 17. Let o be n(1). Suppose -2*q + 3208 = -2*w, 0*w + 3*w + 8024 = o*q. What is the hundreds digit of q?
6
Suppose -18*t - 32 = -34*t. Suppose 0*z + o + 1074 = t*z, -3*z + 1620 = 3*o. What is the units digit of z?
8
Suppose 1577379 = 102*c - 3792819. What is the hundreds digit of c?
6
Let l be (17/(-3))/((-2)/(-24)). Suppose -1063 + 5991 = 32